{"id":2,"date":"2023-12-31T20:01:21","date_gmt":"2023-12-31T19:01:21","guid":{"rendered":"https:\/\/puffer.com.ec\/?page_id=2"},"modified":"2024-01-18T09:10:46","modified_gmt":"2024-01-18T14:10:46","slug":"pagina-ejemplo","status":"publish","type":"page","link":"https:\/\/puffer.com.ec\/","title":{"rendered":"Inicio"},"content":{"rendered":"<div class=\"wpb-content-wrapper\"><p>[vc_section][vc_row][vc_column][vc_column_text css=\u00bb.vc_custom_1704166970668{margin-bottom: 0px !important;}\u00bb][\/vc_column_text][\/vc_column][\/vc_row][\/vc_section][vc_section css=\u00bb.vc_custom_1704167926398{padding-top: 80px !important;padding-bottom: 80px !important;background-color: #004b8d !important;}\u00bb el_class=\u00bbsec-contenidos\u00bb][vc_row content_placement=\u00bbmiddle\u00bb][vc_column width=\u00bb1\/2&#8243;][vc_custom_heading text=\u00bbESTA ES TU OPCI\u00d3N DE CAPACITARTE\u00bb font_container=\u00bbtag:h2|font_size:35px|text_align:left|color:%23ffffff\u00bb use_theme_fonts=\u00bbyes\u00bb el_class=\u00bbtt-principales\u00bb][vc_empty_space][vc_column_text el_class=\u00bbtextwhite\u00bb]En Puffer estamos comprometidos con el desarrollo de nuestros clientes, por ello ponemos a su disposici\u00f3n una serie de soluciones de capacitaci\u00f3n.[\/vc_column_text][\/vc_column][vc_column width=\u00bb1\/2&#8243;][vc_btn title=\u00bbVER M\u00c1S\u00bb style=\u00bbcustom\u00bb custom_background=\u00bb#ffffff\u00bb custom_text=\u00bb#004b8d\u00bb shape=\u00bbsquare\u00bb align=\u00bbcenter\u00bb el_class=\u00bbbtn-more\u00bb][\/vc_column][\/vc_row][\/vc_section][vc_section el_class=\u00bbsec-contenidos\u00bb css=\u00bb.vc_custom_1704168228145{background-color: #f6f8fd !important;}\u00bb][vc_row][vc_column][vc_custom_heading text=\u00bbIndustry Spotlight\u00bb font_container=\u00bbtag:h2|font_size:35px|text_align:left|color:%23505354&#8243; use_theme_fonts=\u00bbyes\u00bb el_class=\u00bbtt-principales\u00bb][vc_empty_space][\/vc_column][\/vc_row][vc_row equal_height=\u00bbyes\u00bb content_placement=\u00bbmiddle\u00bb][vc_column width=\u00bb1\/2&#8243; css=\u00bb.vc_custom_1704169412215{padding: 0px !important;}\u00bb][vc_single_image image=\u00bb42&#8243; img_size=\u00bbfull\u00bb alignment=\u00bbcenter\u00bb css=\u00bb.vc_custom_1704169207458{margin-bottom: 0px !important;}\u00bb][\/vc_column][vc_column width=\u00bb1\/2&#8243; css=\u00bb.vc_custom_1704169346279{padding: 30px !important;border: 1px solid #cacfd0 !important;}\u00bb][vc_custom_heading text=\u00bbREFINER\u00cdA\u00bb font_container=\u00bbtag:h2|font_size:15px|text_align:left|color:%232ebded\u00bb use_theme_fonts=\u00bbyes\u00bb el_class=\u00bbtt-principales\u00bb][vc_custom_heading text=\u00bbTransformaci\u00f3n<br \/>\nDigital para Optimizar<br \/>\nel Potencial de<br \/>\nlas plantas\u00bb font_container=\u00bbtag:h2|font_size:35px|text_align:left|color:%23004b8d\u00bb use_theme_fonts=\u00bbyes\u00bb el_class=\u00bbtt-principales\u00bb][vc_empty_space][vc_column_text]Reduzca el funcionamiento y el tiempo de inactividad no planificado para satisfacer la creciente demanda de sus plantas.[\/vc_column_text][vc_empty_space height=\u00bb10px\u00bb][vc_btn title=\u00bbver m\u00e1s\u00bb style=\u00bbcustom\u00bb custom_background=\u00bb#004b8d\u00bb custom_text=\u00bb#ffffff\u00bb shape=\u00bbsquare\u00bb align=\u00bbleft\u00bb el_class=\u00bbbtn-more\u00bb][\/vc_column][\/vc_row][vc_row equal_height=\u00bbyes\u00bb content_placement=\u00bbmiddle\u00bb][vc_column width=\u00bb1\/2&#8243; css=\u00bb.vc_custom_1704169346279{padding: 30px !important;border: 1px solid #cacfd0 !important;}\u00bb][vc_custom_heading text=\u00bbQU\u00cdMICA\u00bb font_container=\u00bbtag:h2|font_size:15px|text_align:left|color:%232ebded\u00bb use_theme_fonts=\u00bbyes\u00bb el_class=\u00bbtt-principales\u00bb][vc_custom_heading text=\u00bbPersonalizando la<br \/>\nsoluci\u00f3n adecuada<br \/>\npara su operaci\u00f3n\u00bb font_container=\u00bbtag:h2|font_size:35px|text_align:left|color:%23004b8d\u00bb use_theme_fonts=\u00bbyes\u00bb el_class=\u00bbtt-principales\u00bb][vc_empty_space][vc_column_text]No hay dos operaciones qu\u00edmicas iguales, por eso Nuestros expertos t\u00e9cnicos colaboran con usted para proporcionar la tecnolog\u00eda adecuada para ofrecer confiabilidad resultados para los desaf\u00edos \u00fanicos de su sitio.[\/vc_column_text][vc_empty_space height=\u00bb10px\u00bb][vc_btn title=\u00bbver m\u00e1s\u00bb style=\u00bbcustom\u00bb custom_background=\u00bb#004b8d\u00bb custom_text=\u00bb#ffffff\u00bb shape=\u00bbsquare\u00bb align=\u00bbleft\u00bb el_class=\u00bbbtn-more\u00bb][\/vc_column][vc_column width=\u00bb1\/2&#8243; css=\u00bb.vc_custom_1704169412215{padding: 0px !important;}\u00bb][vc_single_image image=\u00bb43&#8243; img_size=\u00bbfull\u00bb alignment=\u00bbcenter\u00bb css=\u00bb.vc_custom_1704169481766{margin-bottom: 0px !important;}\u00bb][\/vc_column][\/vc_row][\/vc_section][vc_section el_class=\u00bbsec-contenidos\u00bb][vc_row][vc_column][vc_empty_space][vc_custom_heading text=\u00bbNuestros productos destacados\u00bb font_container=\u00bbtag:h2|font_size:35px|text_align:left|color:%23004b8d\u00bb use_theme_fonts=\u00bbyes\u00bb el_class=\u00bbtt-principales\u00bb][vc_column_text][\/vc_column_text][\/vc_column][\/vc_row][\/vc_section][vc_section css=\u00bb.vc_custom_1704171577502{padding-top: 50px !important;padding-bottom: 50px !important;background-color: #004b8d !important;}\u00bb el_class=\u00bbsec-contenidos\u00bb][vc_row][vc_column][vc_custom_heading text=\u00bbCasos de \u00c9xito\u00bb font_container=\u00bbtag:h2|font_size:35px|text_align:left|color:%23ffffff\u00bb use_theme_fonts=\u00bbyes\u00bb el_class=\u00bbtt-principales\u00bb][vc_empty_space height=\u00bb50px\u00bb][vc_btn title=\u00bbCASOS DE \u00c9XITO PUFFER ECUADOR\u00bb style=\u00bbcustom\u00bb custom_background=\u00bb#ffffff\u00bb custom_text=\u00bb#004b8d\u00bb shape=\u00bbsquare\u00bb el_class=\u00bbbtn-more\u00bb][vc_column_text el_class=\u00bbtextwhite\u00bb]Revisa los principales casos de \u00e9xito que se han generado desde la oficina de Puffer ecuador gracias a un trabajo conjunto con nuestros clientes destacados.[\/vc_column_text][\/vc_column][\/vc_row][\/vc_section][vc_section disable_element=\u00bbyes\u00bb el_class=\u00bbsec-contenidos\u00bb css=\u00bb.vc_custom_1705414964823{padding-top: 100px !important;padding-bottom: 80px !important;background-image: url(https:\/\/puffer.com.ec\/wp-content\/uploads\/2024\/01\/puffer-bg-1.jpg?id=81) !important;background-position: center !important;background-repeat: no-repeat !important;background-size: cover !important;}\u00bb][vc_row content_placement=\u00bbmiddle\u00bb disable_element=\u00bbyes\u00bb][vc_column width=\u00bb2\/3&#8243;][vc_custom_heading text=\u00bbRed de socios de impacto de Emerson\u00bb font_container=\u00bbtag:h2|font_size:35px|text_align:left|color:%23ffffff\u00bb use_theme_fonts=\u00bbyes\u00bb el_class=\u00bbtt-principales\u00bb][vc_column_text el_class=\u00bbtextwhite\u00bb]Una red integrada de socios estrat\u00e9gicos certificados por Emerson para ofrecer la variedad de productos, servicios y soluciones de Emerson en toda Am\u00e9rica del Norte.[\/vc_column_text][\/vc_column][vc_column width=\u00bb1\/3&#8243;][vc_btn title=\u00bbLISTO PARA TRABAJAR\u00bb style=\u00bbcustom\u00bb custom_background=\u00bb#004b8d\u00bb custom_text=\u00bb#ffffff\u00bb shape=\u00bbsquare\u00bb el_class=\u00bbbtn-more\u00bb][\/vc_column][\/vc_row][\/vc_section]<\/p>\n<\/div>","protected":false},"excerpt":{"rendered":"<p>[vc_section][vc_row][vc_column][vc_column_text css=\u00bb.vc_custom_1704166970668{margin-bottom: 0px !important;}\u00bb][\/vc_column_text][\/vc_column][\/vc_row][\/vc_section][vc_section css=\u00bb.vc_custom_1704167926398{padding-top: 80px !important;padding-bottom: 80px !important;background-color: #004b8d !important;}\u00bb el_class=\u00bbsec-contenidos\u00bb][vc_row content_placement=\u00bbmiddle\u00bb][vc_column width=\u00bb1\/2&#8243;][vc_custom_heading text=\u00bbESTA ES TU OPCI\u00d3N DE CAPACITARTE\u00bb font_container=\u00bbtag:h2|font_size:35px|text_align:left|color:%23ffffff\u00bb use_theme_fonts=\u00bbyes\u00bb el_class=\u00bbtt-principales\u00bb][vc_empty_space][vc_column_text el_class=\u00bbtextwhite\u00bb]En Puffer estamos comprometidos con el desarrollo de nuestros clientes, por ello ponemos a su disposici\u00f3n una serie de soluciones de capacitaci\u00f3n.[\/vc_column_text][\/vc_column][vc_column width=\u00bb1\/2&#8243;][vc_btn title=\u00bbVER M\u00c1S\u00bb style=\u00bbcustom\u00bb custom_background=\u00bb#ffffff\u00bb custom_text=\u00bb#004b8d\u00bb shape=\u00bbsquare\u00bb align=\u00bbcenter\u00bb el_class=\u00bbbtn-more\u00bb][\/vc_column][\/vc_row][\/vc_section][vc_section el_class=\u00bbsec-contenidos\u00bb [&hellip;]<\/p>\n","protected":false},"author":1,"featured_media":0,"parent":0,"menu_order":0,"comment_status":"closed","ping_status":"open","template":"","meta":{"footnotes":""},"class_list":["post-2","page","type-page","status-publish","hentry"],"_links":{"self":[{"href":"https:\/\/puffer.com.ec\/index.php?rest_route=\/wp\/v2\/pages\/2","targetHints":{"allow":["GET"]}}],"collection":[{"href":"https:\/\/puffer.com.ec\/index.php?rest_route=\/wp\/v2\/pages"}],"about":[{"href":"https:\/\/puffer.com.ec\/index.php?rest_route=\/wp\/v2\/types\/page"}],"author":[{"embeddable":true,"href":"https:\/\/puffer.com.ec\/index.php?rest_route=\/wp\/v2\/users\/1"}],"replies":[{"embeddable":true,"href":"https:\/\/puffer.com.ec\/index.php?rest_route=%2Fwp%2Fv2%2Fcomments&post=2"}],"version-history":[{"count":62,"href":"https:\/\/puffer.com.ec\/index.php?rest_route=\/wp\/v2\/pages\/2\/revisions"}],"predecessor-version":[{"id":442,"href":"https:\/\/puffer.com.ec\/index.php?rest_route=\/wp\/v2\/pages\/2\/revisions\/442"}],"wp:attachment":[{"href":"https:\/\/puffer.com.ec\/index.php?rest_route=%2Fwp%2Fv2%2Fmedia&parent=2"}],"curies":[{"name":"wp","href":"https:\/\/api.w.org\/{rel}","templated":true}]}}